13*f + 16. Let h be z(6). Suppose -q - 4*q = -20. Calculate the highest common divisor of q and h.
2
Let n(r) = -r**3 - 3*r**2 + 6*r + 6. Let q be n(-5). Let v = 88 + -44. Let b = v + q. Calculate the greatest common factor of 28 and b.
14
Let s(h) = -447*h - 267. Let o be s(-2). Calculate the highest common divisor of o and 38.
19
Suppose 52 = -g + 55, -h = -2*g - 24. Calculate the highest common factor of 114 and h.
6
Let a = -630 + 666. What is the greatest common factor of a and 198?
18
Let z(y) = -y**2 + 2*y + 2. Let d be z(2). Suppose d*x - 5*p + p = 20, -x + 5*p = -25. Let b = 35 + x. What is the greatest common factor of b and 7?
7
Let s be -2*(-2 - -1) + 14. Let t be (s/(-20))/((-4)/90). Let y = t + -14. What is the greatest common factor of y and 28?
4
Let j be (-18)/4 - 24/(-16). Let h be -1 + 8 + 1 + j. What is the highest common factor of 5 and h?
5
Let v = 170 + -168. Let c(f) = f**2 + 2*f + 3. Let n be c(-5). Calculate the highest common divisor of v and n.
2
Suppose -r - 9 = -62. Let b = -31 + r. Suppose -2*m + 2*h = -26, m - 20 = 3*h - 3. Calculate the highest common divisor of b and m.
11
Let d = -88 + 88. Suppose -468 = -q - 4*j - d*j, -8 = 2*j. Calculate the highest common factor of 44 and q.
44
Let z be 2/(1 + 0/(-2)). Suppose -88 = -3*b + z*o, -23 = -b - o + 8. Let c(q) = q**2 - 75. Let a be c(9). What is the greatest common divisor of b and a?
6
Let j be 4/10*(4 + 847/22). What is the highest common divisor of j and 272?
17
Suppose -3*o = -5 + 2. Let g = 14 - 10. Let z be (100/(-40))/((2/g)/(-1)). What is the greatest common divisor of z and o?
1
Let j(t) = t + 3. Let x be j(8). Let u = 7 - x. Let q be -3 + 21/(-6)*u. Calculate the greatest common factor of q and 22.
11
Let n = 43 - -52. Let s be 3 + (-8 - -2) - -22. What is the highest common factor of n and s?
19
Let i = 2 + 1. Suppose -85*x - 18*x = -1545. What is the highest common divisor of x and i?
3
Suppose -6642 = -41*a + 5412. What is the greatest common divisor of 1078 and a?
98
Let m = -3 + 96. Suppose 0 = -3*a + m + 363. Let b = a + -90. Calculate the highest common divisor of 93 and b.
31
Let j = -337 - -502. Let l = 9 - -6. What is the highest common factor of j and l?
15
Let l(r) = -2*r**3 - 87*r - 175. Let o be l(-2). Let b be 3/((-2 + 3)/1). Calculate the highest common factor of o and b.
3
Suppose -3*i = -2 - 7. Suppose 5*x + 2*w + 150 = -168, -4*w = -3*x - 170. Let p be x/(-4) + (-3)/6. Calculate the greatest common divisor of i and p.
3
Suppose 4*r = -3*f - 271, -6 - 9 = -5*f. Let j = r + 101. Calculate the highest common divisor of 124 and j.
31
Let a(r) = -r**3 - 10*r**2 - 13*r + 28. Let q be a(-9). Let w = -3 + 17. Let x be 1/(w/(-16) + 1). What is the highest common divisor of x and q?
8
Let j = 786 + -163. Calculate the highest common factor of j and 89.
89
Let w(f) = -f**2 - 12*f + 14. Let q be w(-9). Let u = q + -27. Let x(d) = d**2 + 3*d + 4. Let t be x(-5). What is the greatest common divisor of t and u?
14
Let p(b) = 7*b - 24. Let v be p(7). Suppose -6*x = -3*x - 825. Calculate the greatest common factor of x and v.
25
Let s(i) = -2*i**3 - 2*i**2 + i - 3. Let z = -8 + 12. Suppose -z*p - 21 = -9. Let m be s(p). What is the greatest common divisor of m and 240?
30
Suppose -4*o + 16 = -2*o. Let x be (-60)/(2/(o/12*-2)). What is the greatest common divisor of x and 32?
8
Suppose 4*f = -191 - 273. Let t = -56 - f. What is the greatest common divisor of 45 and t?
15
Let t be 6195/9 + -2 + (-35)/(-21). What is the highest common divisor of 43 and t?
43
Let y(s) = 2*s + 3. Let c be y(6). Suppose -6 = 3*x, -5*h - 63 = -x - 0*x. Let t = 18 + h. Calculate the highest common divisor of t and c.
5
Let b = -24 + 23. Let z be (-24)/(-7)*(b + 8). Suppose 2*v - 240 = -0*v. What is the highest common factor of z and v?
24
Suppose 0 = 6*v - 9*v + 3. Let l be (-21)/(-6)*6/v. Suppose -4*w + 3*b = 2*b - 673, -2*w = 3*b - 333. Calculate the greatest common factor of l and w.
21
Suppose -37*t = -30*t - 105. Calculate the highest common divisor of t and 255.
15
Let m(x) = -4*x - 254. Let j be m(-64). Let b(n) = 3*n - 1. Let l be b(1). What is the greatest common divisor of l and j?
2
Let c be (-3)/6*1*-56. Let p = 8 + -3. Suppose -5*k - 865 = -3*j, -p*j + 3*k + 2387 = 972. What is the highest common divisor of c and j?
28
Suppose -458 = -2*g + 2. What is the greatest common divisor of 46 and g?
46
Let m be (-94)/(-7) + 12/(-28). Suppose 3*a - 20 = m. Let l = 208 - 87. What is the highest common factor of a and l?
11
Let v(t) = -t**2 - 7*t - 12. Let k be v(-5). Let x be k/12 - (-2530)/60. What is the greatest common factor of 28 and x?
14
Suppose -3*f = -8 + 2. Let r(q) = -6*q - 4. Let n be r(-3). Suppose -g + f = -n. Calculate the greatest common factor of g and 32.
16
Suppose 0 = 2*j - 3*z + 8*z - 70, j = 2*z + 26. Let o = 54 - 34. What is the greatest common divisor of o and j?
10
Suppose -4*x = -5*w - 47, 5*w = -11*x + 10*x + 18. What is the greatest common divisor of 351 and x?
13
Suppose 8 + 14 = 3*y - 4*w, 4*y + 2*w - 44 = 0. Let r be (-4)/(-10) + (-4378)/(-55). Calculate the greatest common factor of y and r.
10
Let v(p) = 3*p**2 + 9*p - 3. Let g(z) = z**2 + 1. Let n(m) = 2*g(m) - v(m). Let d be n(-7). What is the highest common divisor of 76 and d?
19
Let r = -733 - -821. Calculate the greatest common divisor of 220 and r.
44
Suppose 30*s = 45*s - 645. What is the greatest common factor of s and 43?
43
Let b = 3746 + -3745. Suppose -4*c + 15 = -c. What is the greatest common factor of c and b?
1
Let b(d) = -d**2 - 18*d - 6. Let k be b(-3). Calculate the greatest common factor of k and 91.
13
Let w(f) = 63*f**3 + 35*f**2 - 67*f + 5. Let o be w(2). Calculate the highest common divisor of 10 and o.
5
Let o(v) = 23*v**2 + 2*v + 2. Let h be o(-2). Let l = -16 + 33. Let m = l + 19. Calculate the highest common factor of h and m.
18
Let v(j) = 3*j**3 + 2*j**2 + j - 2. Let b(y) = -14*y - 2. Let w be b(-1). Let s = w + -11. Let g be v(s). What is the highest common factor of g and 10?
2
Let k be (110 - -1)*2/6. Suppose -11 = j - 4*w - k, 2*w = 3*j - 118. What is the greatest common factor of j and 6?
6
Let v(q) = -q**2 - 8*q + 1. Let t be v(-8). Let c be ((-4)/(-5))/(t/5). Let j be 1 + -4 + c + 3. What is the highest common factor of j and 1?
1
Let l = 14 - 15. Let n = l + 7. Let r be n/(-33) + (-400)/(-22). Calculate the highest common divisor of 144 and r.
18
Let y(b) = b**3 + 6*b**2 + 8*b + 30. Let l be y(-5). Calculate the greatest common factor of l and 555.
15
Let f(n) = -22*n + 309. Let w be f(11). What is the highest common factor of w and 737?
67
Let i(s) = 2 + 24*s**3 + 0*s + 9*s**3 - s. Suppose 5*u - 7*l = -5*l + 5, u - 2*l = 1. Let a be i(u). What is the highest common factor of a and 136?
34
Suppose -12*w + 10*w - 3*p = -309, -5*p + 461 = 3*w. Calculate the greatest common factor of 36 and w.
18
Suppose 3*q + 42 = -3*r + 462, -2*r + q + 268 = 0. Suppose -61*d + 62*d + 71 = 2*k, 0 = -4*d - 12. What is the greatest common factor of k and r?
34
Suppose -14*z = -6*z - 784. Calculate the greatest common factor of z and 98.
98
Suppose -5*w = 5, 0 = -a + 132*w - 137*w + 35. What is the greatest common factor of a and 35?
5
Let z be (-2)/10 + 4689/45. Calculate the greatest common factor of 65 and z.
13
Let o be (4/4)/(2/(-4)). Let u be o/(-1*(-3)/(-12)). Suppose -3*j + u*j - 720 = 0. Calculate the highest common divisor of 16 and j.
16
Suppose -7*r + 86 = -516. Calculate the highest common factor of r and 3182.
86
Suppose -8*m = -18*m + 980. What is the highest common divisor of m and 28?
14
Suppose 4*c - 79 = -939. Let z = -135 - c. Calculate the highest common factor of 16 and z.
16
Suppose 0 = 4*i + 16, -5*i + 60 = m + 3*m. What is the highest common divisor of 55 and m?
5
Let m(j) = j**2 - 5*j + 3. Let o(k) = 2*k**2 - 11*k + 6. Let z(q) = 13*m(q) - 6*o(q). Let v be z(2). What is the highest common divisor of 45 and v?
9
Suppose -2*f + b - 1 = 0, -2*f + 7*f = 5*b - 10. Let q be (f/(-2))/((-5)/270). Calculate the greatest common factor of 189 and q.
27
Let u = -162 + 270. Let j = 21 - 9. What is the greatest common divisor of j and u?
12
Let v be (-2 - 3)/((-30)/12). Let y(w) = -8*w - 22 + 4*w - v*w + 4*w. Let c be y(-13). What is the highest common div